 common divisor of 69627 and 3?
3
Calculate the greatest common factor of 94772 and 638.
58
Calculate the highest common divisor of 8 and 483976.
8
Calculate the greatest common divisor of 1582 and 392.
14
Calculate the greatest common divisor of 88 and 92620.
44
What is the highest common factor of 42 and 232950?
6
What is the highest common factor of 165 and 646690?
55
Calculate the highest common factor of 5552 and 592.
16
Calculate the highest common factor of 6321 and 12.
3
Calculate the highest common divisor of 552 and 9039.
69
What is the highest common factor of 539 and 42238?
49
What is the greatest common factor of 329865 and 5?
5
What is the greatest common divisor of 371 and 15158?
53
What is the highest common divisor of 5096 and 3016?
104
Calculate the greatest common divisor of 56902 and 184.
46
Calculate the highest common divisor of 297 and 16713.
27
What is the highest common factor of 55309 and 513?
19
What is the highest common factor of 190506 and 6?
6
What is the highest common factor of 117 and 18356?
13
What is the highest common divisor of 715 and 10505?
55
Calculate the greatest common divisor of 1260 and 399.
21
What is the greatest common factor of 30685 and 680?
85
What is the highest common divisor of 40112 and 545?
109
What is the highest common divisor of 1 and 3232?
1
Calculate the greatest common divisor of 54 and 9060.
6
Calculate the greatest common factor of 140736 and 672.
96
What is the highest common factor of 7704 and 10242?
18
What is the highest common divisor of 18819 and 135864?
459
What is the highest common divisor of 310536 and 8?
8
What is the greatest common factor of 198 and 4719?
33
What is the highest common divisor of 38 and 399589?
19
Calculate the highest common factor of 528 and 6.
6
What is the highest common divisor of 227 and 16?
1
Calculate the highest common divisor of 1199 and 3718.
11
Calculate the greatest common factor of 18570 and 30.
30
What is the greatest common factor of 231 and 18403?
77
Calculate the greatest common divisor of 38 and 4226.
2
What is the greatest common divisor of 47288 and 15677?
257
Calculate the greatest common divisor of 44066 and 44.
22
Calculate the greatest common divisor of 1333 and 5549.
31
Calculate the highest common factor of 5161 and 177062.
397
Calculate the highest common factor of 459 and 4233.
51
Calculate the greatest common factor of 9 and 9154953.
9
Calculate the greatest common divisor of 902 and 13120.
82
What is the highest common factor of 578 and 63138?
34
Calculate the greatest common factor of 32433 and 15751.
19
What is the highest common factor of 36 and 19854?
18
Calculate the highest common factor of 2025 and 1829925.
675
What is the greatest common factor of 154 and 367906?
154
Calculate the greatest common divisor of 26712 and 34692.
84
What is the highest common factor of 5 and 1870145?
5
What is the greatest common divisor of 2176 and 51?
17
Calculate the greatest common factor of 7 and 276647.
7
Calculate the greatest common factor of 908592 and 1932.
276
What is the highest common divisor of 260 and 80925?
65
Calculate the greatest common divisor of 3332 and 1113868.
196
Calculate the greatest common factor of 2168282 and 17.
17
What is the greatest common factor of 32977 and 15479?
673
Calculate the highest common factor of 80508 and 93.
3
What is the highest common factor of 40580 and 280?
20
What is the greatest common divisor of 27531 and 2793?
399
Calculate the greatest common divisor of 225 and 43575.
75
Calculate the greatest common factor of 56 and 16.
8
Calculate the greatest common factor of 155 and 142352.
31
What is the greatest common divisor of 2681 and 41364?
383
What is the highest common divisor of 200166 and 511?
73
Calculate the highest common factor of 1522 and 96647.
761
What is the greatest common factor of 3312 and 574128?
144
What is the greatest common factor of 144736 and 32?
32
What is the greatest common factor of 15 and 645585?
15
Calculate the greatest common factor of 252 and 4732.
28
Calculate the greatest common factor of 8708 and 350.
14
Calculate the greatest common divisor of 10742 and 1312.
82
What is the highest common divisor of 1173 and 79488?
69
What is the highest common factor of 47712 and 4704?
672
What is the greatest common divisor of 41860 and 13780?
260
What is the highest common factor of 2515 and 11480?
5
Calculate the greatest common divisor of 650 and 3190525.
325
Calculate the highest common factor of 69 and 8612787.
69
What is the greatest common factor of 615 and 2718915?
615
What is the greatest common divisor of 25293 and 3?
3
Calculate the highest common divisor of 45 and 14809545.
45
What is the greatest common divisor of 385 and 19558?
77
What is the highest common factor of 165522 and 7?
7
Calculate the highest common factor of 1212940 and 80.
20
What is the greatest common factor of 91422 and 108?
54
Calculate the greatest common divisor of 714 and 2184.
42
Calculate the highest common factor of 1220124 and 408.
204
Calculate the greatest common factor of 352 and 298784.
32
What is the highest common divisor of 56908 and 492?
164
Calculate the greatest common divisor of 391 and 8959.
17
What is the greatest common divisor of 105360 and 160?
80
Calculate the greatest common divisor of 22050 and 15533.
49
What is the highest common factor of 111761 and 39?
13
Calculate the greatest common divisor of 630 and 290640.
210
Calculate the highest common factor of 127200 and 960.
480
What is the greatest common factor of 13598 and 151670?
1046
Calculate the highest common divisor of 36516 and 1530.
102
What is the greatest common factor of 14 and 13538?
14
Calculate the highest common divisor of 28 and 33404.
28
Calculate the greatest common divisor of 10195 and 5185177.
2039
What is the highest common factor of 104880 and 570?
570
What is the highest common divisor of 1791411 and 3?
3
Calculate the highest common divisor of 1201581 and 2865.
573
What is the highest common divisor of 3960 and 6996?
132
Calculate the greatest common factor of 192 and 152.
8
Calculate the highest common factor of 19999 and 119.
7
Calculate the greatest common divisor of 2709 and 83377.
301
Calculate the greatest common divisor of 1404 and 335124.
108
Calculate the greatest common factor of 82715 and 7810.
355
What is the highest common factor of 87 and 5979?
3
What is the highest common factor of 265 and 3487082?
53
Calculate the greatest common factor of 19 and 74689.
19
What is the greatest common factor of 325341 and 333?
333
What is the greatest common factor of 65090 and 230?
230
Calculate the greatest common divisor of 1114653 and 366.
183
Calculate the greatest common divisor of 6 and 79970.
2
What is the greatest common divisor of 6944 and 52514?
434
What is the highest common divisor of 34860 and 85407?
1743
Calculate the greatest common divisor of 27742 and 494.
26
Calculate the highest common factor of 19118 and 74576.
158
What is the highest common divisor of 183883 and 218?
109
Calculate the highest common factor of 1315076 and 9380.
1876
Calculate the highest common factor of 1004416 and 384.
128
Calculate the greatest common factor of 62 and 848315.
31
Calculate the greatest common factor of 2877 and 2163.
21
Calculate the greatest common divisor of 259575 and 45.
15
Calculate the greatest common divisor of 20 and 88770.
10
Calculate the greatest common divisor of 53148 and 387.
129
What is the greatest common factor of 4593402 and 121?
121
What is the greatest common factor of 37 and 1254115?
37
What is the greatest common factor of 132 and 1008546?
66
Calculate the highest common factor of 924 and 567.
21
Calculate the highest common divisor of 25 and 540700.
25
Calculate the highest common divisor of 315 and 30219.
21
What is the greatest common divisor of 26 and 1159?
1
What is the greatest common divisor of 385 and 40110?
35
What is the greatest common divisor of 88 and 851752?
88
What is the greatest common divisor of 158 and 14196?
2
Calculate the greatest common factor of 60 and 333780.
60
Calculate the greatest common divisor of 5904 and 2826.
18
Calculate the greatest common factor of 9738 and 306.
18
What is the highest common divisor of 1668 and 7923?
41